7 is divided by 530?
527
Calculate the remainder when 76886 is divided by 2402.
22
Calculate the remainder when 73156 is divided by 12.
4
Calculate the remainder when 31859 is divided by 180.
179
What is the remainder when 2674 is divided by 167?
2
Calculate the remainder when 19152 is divided by 892.
420
Calculate the remainder when 16772 is divided by 19.
14
Calculate the remainder when 2065 is divided by 22.
19
What is the remainder when 60335 is divided by 7?
2
What is the remainder when 3073 is divided by 118?
5
What is the remainder when 188604 is divided by 253?
119
What is the remainder when 3464 is divided by 1475?
514
What is the remainder when 8936 is divided by 701?
524
What is the remainder when 52851 is divided by 26?
19
Calculate the remainder when 4260 is divided by 2031.
198
What is the remainder when 968745 is divided by 1495?
1480
Calculate the remainder when 97235 is divided by 73.
72
What is the remainder when 7332 is divided by 1519?
1256
What is the remainder when 9969 is divided by 9905?
64
What is the remainder when 458 is divided by 240?
218
What is the remainder when 169521 is divided by 169512?
9
Calculate the remainder when 18386 is divided by 32.
18
Calculate the remainder when 1633 is divided by 137.
126
What is the remainder when 5148 is divided by 5120?
28
Calculate the remainder when 147837 is divided by 177.
42
Calculate the remainder when 793 is divided by 152.
33
What is the remainder when 865 is divided by 626?
239
What is the remainder when 14357 is divided by 961?
903
What is the remainder when 3358 is divided by 1634?
90
Calculate the remainder when 106559 is divided by 32.
31
What is the remainder when 33789 is divided by 44?
41
What is the remainder when 7216 is divided by 481?
1
What is the remainder when 18449 is divided by 3068?
41
What is the remainder when 16068 is divided by 279?
165
What is the remainder when 186309 is divided by 28?
25
Calculate the remainder when 38982 is divided by 12734.
780
What is the remainder when 57797 is divided by 40?
37
Calculate the remainder when 38679 is divided by 17.
4
What is the remainder when 4650 is divided by 1322?
684
What is the remainder when 26646 is divided by 26523?
123
What is the remainder when 9704 is divided by 818?
706
Calculate the remainder when 849 is divided by 624.
225
What is the remainder when 13534 is divided by 2706?
4
Calculate the remainder when 24346 is divided by 62.
42
Calculate the remainder when 2186 is divided by 101.
65
What is the remainder when 37472 is divided by 914?
912
What is the remainder when 1882602 is divided by 84?
78
What is the remainder when 2272719 is divided by 51?
6
What is the remainder when 141094 is divided by 85?
79
What is the remainder when 23995 is divided by 94?
25
Calculate the remainder when 13460 is divided by 1122.
1118
What is the remainder when 3036 is divided by 13?
7
Calculate the remainder when 11526 is divided by 8.
6
What is the remainder when 34233 is divided by 544?
505
Calculate the remainder when 7774 is divided by 31.
24
What is the remainder when 3541 is divided by 233?
46
Calculate the remainder when 20858 is divided by 149.
147
What is the remainder when 44838 is divided by 59?
57
What is the remainder when 1583 is divided by 156?
23
What is the remainder when 261790 is divided by 1522?
6
Calculate the remainder when 3360 is divided by 203.
112
What is the remainder when 16316 is divided by 184?
124
What is the remainder when 52341 is divided by 5?
1
Calculate the remainder when 106730 is divided by 11.
8
Calculate the remainder when 24232 is divided by 101.
93
Calculate the remainder when 3305 is divided by 659.
10
Calculate the remainder when 2365598 is divided by 729.
722
What is the remainder when 1877594 is divided by 129?
128
Calculate the remainder when 46501 is divided by 6589.
378
What is the remainder when 18924 is divided by 520?
204
Calculate the remainder when 3662 is divided by 70.
22
Calculate the remainder when 97644 is divided by 3755.
14
What is the remainder when 84628 is divided by 84562?
66
Calculate the remainder when 152943 is divided by 95.
88
Calculate the remainder when 9469079 is divided by 14.
11
What is the remainder when 10701 is divided by 153?
144
What is the remainder when 21048 is divided by 10497?
54
Calculate the remainder when 46067 is divided by 85.
82
Calculate the remainder when 139153 is divided by 19.
16
Calculate the remainder when 15638 is divided by 206.
188
What is the remainder when 3691710 is divided by 148?
146
Calculate the remainder when 28333 is divided by 9.
1
Calculate the remainder when 891 is divided by 128.
123
Calculate the remainder when 72688 is divided by 108.
4
Calculate the remainder when 41102 is divided by 41093.
9
What is the remainder when 372528 is divided by 19?
14
What is the remainder when 97987 is divided by 2881?
33
What is the remainder when 132469 is divided by 58?
55
What is the remainder when 11056 is divided by 3014?
2014
Calculate the remainder when 25367 is divided by 665.
97
Calculate the remainder when 4805 is divided by 84.
17
What is the remainder when 2588 is divided by 50?
38
Calculate the remainder when 28044 is divided by 278.
244
What is the remainder when 601 is divided by 29?
21
What is the remainder when 21265 is divided by 5313?
13
Calculate the remainder when 2020 is divided by 836.
348
What is the remainder when 187454 is divided by 202?
200
Calculate the remainder when 59746 is divided by 149.
146
Calculate the remainder when 24116 is divided by 1722.
8
What is the remainder when 202979 is divided by 102?
101
What is the remainder when 6425 is divided by 45?
35
What is the remainder when 14281 is divided by 31?
21
What is the remainder when 137650 is divided by 68795?
60
Calculate the remainder when 2338 is divided by 333.
7
What is the remainder when 14302 is divided by 13930?
372
Calculate the remainder when 1760 is divided by 1747.
13
Calculate the remainder when 1734 is divided by 213.
30
What is the remainder when 37220 is divided by 1618?
6
What is the remainder when 12161 is divided by 90?
11
Calculate the remainder when 8931 is divided by 2974.
9
What is the remainder when 5164 is divided by 1545?
529
Calculate the remainder when 16179 is divided by 56.
51
What is the remainder when 4043 is divided by 685?
618
What is the remainder when 54480 is divided by 32?
16
What is the remainder when 136147 is divided by 68045?
57
Calculate the remainder when 14488 is divided by 760.
48
What is the remainder when 19985 is divided by 455?
420
What is the remainder when 13167 is divided by 13?
11
What is the remainder when 6109 is divided by 2809?
491
What is the remainder when 1368 is divided by 21?
3
What is the remainder when 1904 is divided by 70?
14
What is the remainder when 108276 is divided by 10?
6
What is the remainder when 19438 is divided by 9?
7
What is the remainder when 5892 is divided by 1628?
1008
What is the remainder when 5215 is divided by 580?
575
What is the remainder when 16952 is divided by 1883?
5
Calculate the remainder when 63727 is divided by 569.
568
What is the remainder when 2398 is divided by 794?
16
What is the remainder when 16798 is divided by 103?
9
What is the remainder when 180519 is divided by 19?
0
What is the remainder when 9916 is divided by 9916?
0
What is the remainder when 1205 is divided by 171?
8
What is the remainder when 183053 is divided by 91514?
25
What is the remainder when 1269 is divided by 82?
39
Calculate the remainder when 275309 is divided by 805.
804
Calculate the remainder when 187180 is divided by 13.
6
What is the remainder when 1229256 is divided by 7?
0
Calculate the remainder when 1375 is divided by 993.
382
What is the remainder when 7423 is divided by 2323?
454
Calculate the remainder when 8962 is divided by 79.
35
What is the remainder when 48702 is divided by 49?
45
What is the remainder when 669 is divided by 668?
1
What is the remainder when 3751 is divided by 2794?
957
What is the remainder when 9807 is divided by 980?
7
Calculate the remainder when 14723 is divided by 1061.
930
What is the remainder when 5738 is divided by 71?
58
What is the remainder when 2499 is divided by 262?
141
Calculate the remainder when 4249